{"id":309,"date":"2016-11-25T13:51:59","date_gmt":"2016-11-25T12:51:59","guid":{"rendered":"http:\/\/forbach-histoire.fr\/57\/?page_id=309"},"modified":"2025-09-27T16:12:56","modified_gmt":"2025-09-27T15:12:56","slug":"chroniques_furbacher","status":"publish","type":"page","link":"https:\/\/forbach-histoire.fr\/57\/chroniques_furbacher\/","title":{"rendered":"Chroniques des Furbacher"},"content":{"rendered":"<p style=\"text-align: center;\"><em>Cliquez sur un document pour ouvrir l\u2019interface de lecture<\/em><\/p>\n<p>Certains \u00e9l\u00e9ments sont en libre t\u00e9l\u00e9chargement, d&rsquo;autres peuvent s&rsquo;acqu\u00e9rir gr\u00e2ce au bon de commande (Espace de t\u00e9l\u00e9chargement en dessous du rayonnage), d&rsquo;autres sont malheureusement indisponibles car \u00e9puis\u00e9s (EP).<\/p>\n<hr \/>\n<p><iframe src=\"\/\/v.calameo.com\/library\/?type=account&amp;id=5005860&amp;rows=5&amp;sortBy=title&amp;theme=stone&amp;bgColor=&amp;thumbSize=normal&amp;showTitle=true&amp;showShadow=true&amp;showGloss=true&amp;showInfo=account&amp;linkTo=view&amp;linkTarget=_blank\" width=\"100%\" height=\"925\" frameborder=\"0\" allowfullscreen=\"allowfullscreen\"><\/iframe><\/p>\n<h3>T\u00e9l\u00e9chargement :<\/h3>\n<p><a href=\"http:\/\/www.forbach-histoire.fr\/57\/_documents\/Bon_de_commande_2016.pdf\" target=\"_blank\" rel=\"noopener\">Bon de commande \u00e0 t\u00e9l\u00e9charger, imprimer, remplir et envoyer.<\/a><\/p>\n<p><a href=\"https:\/\/forbach-histoire.fr\/57\/_documents\/Chroniques_05b_web.pdf\" target=\"_blank\" rel=\"noopener\">Chronique 05b, libre au t\u00e9l\u00e9chargement, cliquez\u00a0ici<\/a><\/p>\n","protected":false},"excerpt":{"rendered":"<p>Cliquez sur un document pour ouvrir l\u2019interface de lecture Certains \u00e9l\u00e9ments sont en libre t\u00e9l\u00e9chargement, d&rsquo;autres peuvent s&rsquo;acqu\u00e9rir gr\u00e2ce au bon de commande (Espace de t\u00e9l\u00e9chargement en dessous du rayonnage), d&rsquo;autres sont malheureusement indisponibles car \u00e9puis\u00e9s (EP). T\u00e9l\u00e9chargement : Bon de commande \u00e0 t\u00e9l\u00e9charger, imprimer, remplir et envoyer. Chronique 05b, libre au t\u00e9l\u00e9chargement, cliquez\u00a0ici<\/p>\n","protected":false},"author":1,"featured_media":0,"parent":0,"menu_order":0,"comment_status":"closed","ping_status":"closed","template":"","meta":{"jetpack_post_was_ever_published":false,"footnotes":""},"class_list":["post-309","page","type-page","status-publish","hentry"],"yoast_head":"<!-- This site is optimized with the Yoast SEO plugin v26.9 - https:\/\/yoast.com\/product\/yoast-seo-wordpress\/ -->\n<title>Chroniques des Furbacher - Die Furbacher<\/title>\n<meta name=\"robots\" content=\"index, follow, max-snippet:-1, max-image-preview:large, max-video-preview:-1\" \/>\n<link rel=\"canonical\" href=\"https:\/\/forbach-histoire.fr\/57\/chroniques_furbacher\/\" \/>\n<meta property=\"og:locale\" content=\"fr_FR\" \/>\n<meta property=\"og:type\" content=\"article\" \/>\n<meta property=\"og:title\" content=\"Chroniques des Furbacher - Die Furbacher\" \/>\n<meta property=\"og:description\" content=\"Cliquez sur un document pour ouvrir l\u2019interface de lecture Certains \u00e9l\u00e9ments sont en libre t\u00e9l\u00e9chargement, d&rsquo;autres peuvent s&rsquo;acqu\u00e9rir gr\u00e2ce au bon de commande (Espace de t\u00e9l\u00e9chargement en dessous du rayonnage), d&rsquo;autres sont malheureusement indisponibles car \u00e9puis\u00e9s (EP). T\u00e9l\u00e9chargement : Bon de commande \u00e0 t\u00e9l\u00e9charger, imprimer, remplir et envoyer. Chronique 05b, libre au t\u00e9l\u00e9chargement, cliquez\u00a0ici\" \/>\n<meta property=\"og:url\" content=\"https:\/\/forbach-histoire.fr\/57\/chroniques_furbacher\/\" \/>\n<meta property=\"og:site_name\" content=\"Die Furbacher\" \/>\n<meta property=\"article:publisher\" content=\"https:\/\/www.facebook.com\/dieFurbacher\/\" \/>\n<meta property=\"article:modified_time\" content=\"2025-09-27T15:12:56+00:00\" \/>\n<meta name=\"twitter:label1\" content=\"Dur\u00e9e de lecture estim\u00e9e\" \/>\n\t<meta name=\"twitter:data1\" content=\"1 minute\" \/>\n<script type=\"application\/ld+json\" class=\"yoast-schema-graph\">{\"@context\":\"https:\/\/schema.org\",\"@graph\":[{\"@type\":\"WebPage\",\"@id\":\"https:\/\/forbach-histoire.fr\/57\/chroniques_furbacher\/\",\"url\":\"https:\/\/forbach-histoire.fr\/57\/chroniques_furbacher\/\",\"name\":\"Chroniques des Furbacher - Die Furbacher\",\"isPartOf\":{\"@id\":\"https:\/\/forbach-histoire.fr\/57\/#website\"},\"datePublished\":\"2016-11-25T12:51:59+00:00\",\"dateModified\":\"2025-09-27T15:12:56+00:00\",\"breadcrumb\":{\"@id\":\"https:\/\/forbach-histoire.fr\/57\/chroniques_furbacher\/#breadcrumb\"},\"inLanguage\":\"fr-FR\",\"potentialAction\":[{\"@type\":\"ReadAction\",\"target\":[\"https:\/\/forbach-histoire.fr\/57\/chroniques_furbacher\/\"]}]},{\"@type\":\"BreadcrumbList\",\"@id\":\"https:\/\/forbach-histoire.fr\/57\/chroniques_furbacher\/#breadcrumb\",\"itemListElement\":[{\"@type\":\"ListItem\",\"position\":1,\"name\":\"Accueil\",\"item\":\"https:\/\/forbach-histoire.fr\/57\/\"},{\"@type\":\"ListItem\",\"position\":2,\"name\":\"Chroniques des Furbacher\"}]},{\"@type\":\"WebSite\",\"@id\":\"https:\/\/forbach-histoire.fr\/57\/#website\",\"url\":\"https:\/\/forbach-histoire.fr\/57\/\",\"name\":\"Die Furbacher\",\"description\":\"\",\"publisher\":{\"@id\":\"https:\/\/forbach-histoire.fr\/57\/#organization\"},\"potentialAction\":[{\"@type\":\"SearchAction\",\"target\":{\"@type\":\"EntryPoint\",\"urlTemplate\":\"https:\/\/forbach-histoire.fr\/57\/?s={search_term_string}\"},\"query-input\":{\"@type\":\"PropertyValueSpecification\",\"valueRequired\":true,\"valueName\":\"search_term_string\"}}],\"inLanguage\":\"fr-FR\"},{\"@type\":\"Organization\",\"@id\":\"https:\/\/forbach-histoire.fr\/57\/#organization\",\"name\":\"Die Furbacher\",\"url\":\"https:\/\/forbach-histoire.fr\/57\/\",\"logo\":{\"@type\":\"ImageObject\",\"inLanguage\":\"fr-FR\",\"@id\":\"https:\/\/forbach-histoire.fr\/57\/#\/schema\/logo\/image\/\",\"url\":\"https:\/\/i2.wp.com\/forbach-histoire.fr\/57\/wp-content\/uploads\/2016\/09\/Logo_small.png?fit=360%2C203\",\"contentUrl\":\"https:\/\/i2.wp.com\/forbach-histoire.fr\/57\/wp-content\/uploads\/2016\/09\/Logo_small.png?fit=360%2C203\",\"width\":360,\"height\":203,\"caption\":\"Die Furbacher\"},\"image\":{\"@id\":\"https:\/\/forbach-histoire.fr\/57\/#\/schema\/logo\/image\/\"},\"sameAs\":[\"https:\/\/www.facebook.com\/dieFurbacher\/\"]}]}<\/script>\n<!-- \/ Yoast SEO plugin. -->","yoast_head_json":{"title":"Chroniques des Furbacher - Die Furbacher","robots":{"index":"index","follow":"follow","max-snippet":"max-snippet:-1","max-image-preview":"max-image-preview:large","max-video-preview":"max-video-preview:-1"},"canonical":"https:\/\/forbach-histoire.fr\/57\/chroniques_furbacher\/","og_locale":"fr_FR","og_type":"article","og_title":"Chroniques des Furbacher - Die Furbacher","og_description":"Cliquez sur un document pour ouvrir l\u2019interface de lecture Certains \u00e9l\u00e9ments sont en libre t\u00e9l\u00e9chargement, d&rsquo;autres peuvent s&rsquo;acqu\u00e9rir gr\u00e2ce au bon de commande (Espace de t\u00e9l\u00e9chargement en dessous du rayonnage), d&rsquo;autres sont malheureusement indisponibles car \u00e9puis\u00e9s (EP). T\u00e9l\u00e9chargement : Bon de commande \u00e0 t\u00e9l\u00e9charger, imprimer, remplir et envoyer. Chronique 05b, libre au t\u00e9l\u00e9chargement, cliquez\u00a0ici","og_url":"https:\/\/forbach-histoire.fr\/57\/chroniques_furbacher\/","og_site_name":"Die Furbacher","article_publisher":"https:\/\/www.facebook.com\/dieFurbacher\/","article_modified_time":"2025-09-27T15:12:56+00:00","twitter_misc":{"Dur\u00e9e de lecture estim\u00e9e":"1 minute"},"schema":{"@context":"https:\/\/schema.org","@graph":[{"@type":"WebPage","@id":"https:\/\/forbach-histoire.fr\/57\/chroniques_furbacher\/","url":"https:\/\/forbach-histoire.fr\/57\/chroniques_furbacher\/","name":"Chroniques des Furbacher - Die Furbacher","isPartOf":{"@id":"https:\/\/forbach-histoire.fr\/57\/#website"},"datePublished":"2016-11-25T12:51:59+00:00","dateModified":"2025-09-27T15:12:56+00:00","breadcrumb":{"@id":"https:\/\/forbach-histoire.fr\/57\/chroniques_furbacher\/#breadcrumb"},"inLanguage":"fr-FR","potentialAction":[{"@type":"ReadAction","target":["https:\/\/forbach-histoire.fr\/57\/chroniques_furbacher\/"]}]},{"@type":"BreadcrumbList","@id":"https:\/\/forbach-histoire.fr\/57\/chroniques_furbacher\/#breadcrumb","itemListElement":[{"@type":"ListItem","position":1,"name":"Accueil","item":"https:\/\/forbach-histoire.fr\/57\/"},{"@type":"ListItem","position":2,"name":"Chroniques des Furbacher"}]},{"@type":"WebSite","@id":"https:\/\/forbach-histoire.fr\/57\/#website","url":"https:\/\/forbach-histoire.fr\/57\/","name":"Die Furbacher","description":"","publisher":{"@id":"https:\/\/forbach-histoire.fr\/57\/#organization"},"potentialAction":[{"@type":"SearchAction","target":{"@type":"EntryPoint","urlTemplate":"https:\/\/forbach-histoire.fr\/57\/?s={search_term_string}"},"query-input":{"@type":"PropertyValueSpecification","valueRequired":true,"valueName":"search_term_string"}}],"inLanguage":"fr-FR"},{"@type":"Organization","@id":"https:\/\/forbach-histoire.fr\/57\/#organization","name":"Die Furbacher","url":"https:\/\/forbach-histoire.fr\/57\/","logo":{"@type":"ImageObject","inLanguage":"fr-FR","@id":"https:\/\/forbach-histoire.fr\/57\/#\/schema\/logo\/image\/","url":"https:\/\/i2.wp.com\/forbach-histoire.fr\/57\/wp-content\/uploads\/2016\/09\/Logo_small.png?fit=360%2C203","contentUrl":"https:\/\/i2.wp.com\/forbach-histoire.fr\/57\/wp-content\/uploads\/2016\/09\/Logo_small.png?fit=360%2C203","width":360,"height":203,"caption":"Die Furbacher"},"image":{"@id":"https:\/\/forbach-histoire.fr\/57\/#\/schema\/logo\/image\/"},"sameAs":["https:\/\/www.facebook.com\/dieFurbacher\/"]}]}},"jetpack_sharing_enabled":true,"jetpack_shortlink":"https:\/\/wp.me\/P8bw07-4Z","jetpack-related-posts":[],"_links":{"self":[{"href":"https:\/\/forbach-histoire.fr\/57\/wp-json\/wp\/v2\/pages\/309","targetHints":{"allow":["GET"]}}],"collection":[{"href":"https:\/\/forbach-histoire.fr\/57\/wp-json\/wp\/v2\/pages"}],"about":[{"href":"https:\/\/forbach-histoire.fr\/57\/wp-json\/wp\/v2\/types\/page"}],"author":[{"embeddable":true,"href":"https:\/\/forbach-histoire.fr\/57\/wp-json\/wp\/v2\/users\/1"}],"replies":[{"embeddable":true,"href":"https:\/\/forbach-histoire.fr\/57\/wp-json\/wp\/v2\/comments?post=309"}],"version-history":[{"count":14,"href":"https:\/\/forbach-histoire.fr\/57\/wp-json\/wp\/v2\/pages\/309\/revisions"}],"predecessor-version":[{"id":4541,"href":"https:\/\/forbach-histoire.fr\/57\/wp-json\/wp\/v2\/pages\/309\/revisions\/4541"}],"wp:attachment":[{"href":"https:\/\/forbach-histoire.fr\/57\/wp-json\/wp\/v2\/media?parent=309"}],"curies":[{"name":"wp","href":"https:\/\/api.w.org\/{rel}","templated":true}]}}