{"id":179,"date":"2016-11-07T18:46:45","date_gmt":"2016-11-07T17:46:45","guid":{"rendered":"http:\/\/forbach-histoire.fr\/57\/?page_id=179"},"modified":"2016-11-23T08:36:34","modified_gmt":"2016-11-23T07:36:34","slug":"visites","status":"publish","type":"page","link":"https:\/\/forbach-histoire.fr\/57\/visites\/","title":{"rendered":"Visites, r\u00e9unions,&#8230;"},"content":{"rendered":"<hr \/>\n<p style=\"text-align: center;\"><a href=\"https:\/\/i0.wp.com\/forbach-histoire.fr\/57\/wp-content\/uploads\/2016\/11\/Equipe-classement-archives-DSC_1285.jpg?ssl=1\" target=\"_blank\"><img data-recalc-dims=\"1\" fetchpriority=\"high\" decoding=\"async\" data-attachment-id=\"185\" data-permalink=\"https:\/\/forbach-histoire.fr\/57\/visites\/equipe-classement-archives-dsc_1285\/\" data-orig-file=\"https:\/\/i0.wp.com\/forbach-histoire.fr\/57\/wp-content\/uploads\/2016\/11\/Equipe-classement-archives-DSC_1285.jpg?fit=1024%2C681&amp;ssl=1\" data-orig-size=\"1024,681\" data-comments-opened=\"1\" data-image-meta=\"{&quot;aperture&quot;:&quot;0&quot;,&quot;credit&quot;:&quot;&quot;,&quot;camera&quot;:&quot;&quot;,&quot;caption&quot;:&quot;&quot;,&quot;created_timestamp&quot;:&quot;0&quot;,&quot;copyright&quot;:&quot;&quot;,&quot;focal_length&quot;:&quot;0&quot;,&quot;iso&quot;:&quot;0&quot;,&quot;shutter_speed&quot;:&quot;0&quot;,&quot;title&quot;:&quot;&quot;,&quot;orientation&quot;:&quot;0&quot;}\" data-image-title=\"equipe-classement-archives-dsc_1285\" data-image-description=\"\" data-image-caption=\"\" data-medium-file=\"https:\/\/i0.wp.com\/forbach-histoire.fr\/57\/wp-content\/uploads\/2016\/11\/Equipe-classement-archives-DSC_1285.jpg?fit=300%2C200&amp;ssl=1\" data-large-file=\"https:\/\/i0.wp.com\/forbach-histoire.fr\/57\/wp-content\/uploads\/2016\/11\/Equipe-classement-archives-DSC_1285.jpg?fit=640%2C426&amp;ssl=1\" class=\"aligncenter wp-image-185 size-medium\" src=\"https:\/\/i0.wp.com\/forbach-histoire.fr\/57\/wp-content\/uploads\/2016\/11\/Equipe-classement-archives-DSC_1285.jpg?resize=300%2C200&#038;ssl=1\" alt=\"equipe-classement-archives-dsc_1285\" width=\"300\" height=\"200\" srcset=\"https:\/\/i0.wp.com\/forbach-histoire.fr\/57\/wp-content\/uploads\/2016\/11\/Equipe-classement-archives-DSC_1285.jpg?resize=300%2C200&amp;ssl=1 300w, https:\/\/i0.wp.com\/forbach-histoire.fr\/57\/wp-content\/uploads\/2016\/11\/Equipe-classement-archives-DSC_1285.jpg?resize=768%2C511&amp;ssl=1 768w, https:\/\/i0.wp.com\/forbach-histoire.fr\/57\/wp-content\/uploads\/2016\/11\/Equipe-classement-archives-DSC_1285.jpg?w=1024&amp;ssl=1 1024w\" sizes=\"(max-width: 300px) 100vw, 300px\" \/><\/a><\/p>\n<p style=\"text-align: center;\"><a href=\"https:\/\/i0.wp.com\/forbach-histoire.fr\/57\/wp-content\/uploads\/2016\/11\/Equipe-classement-archives-DSC_1291.jpg?ssl=1\" target=\"_blank\"><img data-recalc-dims=\"1\" decoding=\"async\" data-attachment-id=\"186\" data-permalink=\"https:\/\/forbach-histoire.fr\/57\/visites\/equipe-classement-archives-dsc_1291\/\" data-orig-file=\"https:\/\/i0.wp.com\/forbach-histoire.fr\/57\/wp-content\/uploads\/2016\/11\/Equipe-classement-archives-DSC_1291.jpg?fit=1280%2C851&amp;ssl=1\" data-orig-size=\"1280,851\" data-comments-opened=\"1\" data-image-meta=\"{&quot;aperture&quot;:&quot;0&quot;,&quot;credit&quot;:&quot;&quot;,&quot;camera&quot;:&quot;&quot;,&quot;caption&quot;:&quot;&quot;,&quot;created_timestamp&quot;:&quot;0&quot;,&quot;copyright&quot;:&quot;&quot;,&quot;focal_length&quot;:&quot;0&quot;,&quot;iso&quot;:&quot;0&quot;,&quot;shutter_speed&quot;:&quot;0&quot;,&quot;title&quot;:&quot;&quot;,&quot;orientation&quot;:&quot;0&quot;}\" data-image-title=\"equipe-classement-archives-dsc_1291\" data-image-description=\"\" data-image-caption=\"\" data-medium-file=\"https:\/\/i0.wp.com\/forbach-histoire.fr\/57\/wp-content\/uploads\/2016\/11\/Equipe-classement-archives-DSC_1291.jpg?fit=300%2C199&amp;ssl=1\" data-large-file=\"https:\/\/i0.wp.com\/forbach-histoire.fr\/57\/wp-content\/uploads\/2016\/11\/Equipe-classement-archives-DSC_1291.jpg?fit=640%2C426&amp;ssl=1\" class=\"aligncenter wp-image-186 size-medium\" src=\"https:\/\/i0.wp.com\/forbach-histoire.fr\/57\/wp-content\/uploads\/2016\/11\/Equipe-classement-archives-DSC_1291.jpg?resize=300%2C199&#038;ssl=1\" alt=\"equipe-classement-archives-dsc_1291\" width=\"300\" height=\"199\" srcset=\"https:\/\/i0.wp.com\/forbach-histoire.fr\/57\/wp-content\/uploads\/2016\/11\/Equipe-classement-archives-DSC_1291.jpg?resize=300%2C199&amp;ssl=1 300w, https:\/\/i0.wp.com\/forbach-histoire.fr\/57\/wp-content\/uploads\/2016\/11\/Equipe-classement-archives-DSC_1291.jpg?resize=768%2C511&amp;ssl=1 768w, https:\/\/i0.wp.com\/forbach-histoire.fr\/57\/wp-content\/uploads\/2016\/11\/Equipe-classement-archives-DSC_1291.jpg?resize=1024%2C681&amp;ssl=1 1024w, https:\/\/i0.wp.com\/forbach-histoire.fr\/57\/wp-content\/uploads\/2016\/11\/Equipe-classement-archives-DSC_1291.jpg?w=1280&amp;ssl=1 1280w\" sizes=\"(max-width: 300px) 100vw, 300px\" \/><\/a><\/p>\n<p style=\"text-align: center;\">R\u00e9union de l&rsquo;\u00e9quipe \u00ab\u00a0Classement des archives\u00a0\u00bb de l&rsquo;association.<\/p>\n<hr \/>\n<p style=\"text-align: center;\">26\/05\/2016<\/p>\n<p><a href=\"https:\/\/i0.wp.com\/forbach-histoire.fr\/57\/wp-content\/uploads\/2016\/11\/Visite-Verdun-26-05-2016-140-a.jpg?ssl=1\" target=\"_blank\"><img data-recalc-dims=\"1\" decoding=\"async\" data-attachment-id=\"190\" data-permalink=\"https:\/\/forbach-histoire.fr\/57\/visites\/visite-verdun-26-05-2016-140-a\/\" data-orig-file=\"https:\/\/i0.wp.com\/forbach-histoire.fr\/57\/wp-content\/uploads\/2016\/11\/Visite-Verdun-26-05-2016-140-a.jpg?fit=1024%2C547&amp;ssl=1\" data-orig-size=\"1024,547\" data-comments-opened=\"1\" data-image-meta=\"{&quot;aperture&quot;:&quot;0&quot;,&quot;credit&quot;:&quot;&quot;,&quot;camera&quot;:&quot;&quot;,&quot;caption&quot;:&quot;&quot;,&quot;created_timestamp&quot;:&quot;0&quot;,&quot;copyright&quot;:&quot;&quot;,&quot;focal_length&quot;:&quot;0&quot;,&quot;iso&quot;:&quot;0&quot;,&quot;shutter_speed&quot;:&quot;0&quot;,&quot;title&quot;:&quot;&quot;,&quot;orientation&quot;:&quot;0&quot;}\" data-image-title=\"visite-verdun-26-05-2016-140-a\" data-image-description=\"\" data-image-caption=\"\" data-medium-file=\"https:\/\/i0.wp.com\/forbach-histoire.fr\/57\/wp-content\/uploads\/2016\/11\/Visite-Verdun-26-05-2016-140-a.jpg?fit=300%2C160&amp;ssl=1\" data-large-file=\"https:\/\/i0.wp.com\/forbach-histoire.fr\/57\/wp-content\/uploads\/2016\/11\/Visite-Verdun-26-05-2016-140-a.jpg?fit=640%2C342&amp;ssl=1\" class=\"aligncenter wp-image-190 size-medium\" src=\"https:\/\/i0.wp.com\/forbach-histoire.fr\/57\/wp-content\/uploads\/2016\/11\/Visite-Verdun-26-05-2016-140-a.jpg?resize=300%2C160&#038;ssl=1\" alt=\"visite-verdun-26-05-2016-140-a\" width=\"300\" height=\"160\" srcset=\"https:\/\/i0.wp.com\/forbach-histoire.fr\/57\/wp-content\/uploads\/2016\/11\/Visite-Verdun-26-05-2016-140-a.jpg?resize=300%2C160&amp;ssl=1 300w, https:\/\/i0.wp.com\/forbach-histoire.fr\/57\/wp-content\/uploads\/2016\/11\/Visite-Verdun-26-05-2016-140-a.jpg?resize=768%2C410&amp;ssl=1 768w, https:\/\/i0.wp.com\/forbach-histoire.fr\/57\/wp-content\/uploads\/2016\/11\/Visite-Verdun-26-05-2016-140-a.jpg?w=1024&amp;ssl=1 1024w\" sizes=\"(max-width: 300px) 100vw, 300px\" \/><\/a><\/p>\n<p style=\"text-align: center;\">Visite de Verdun (photo \u00e0 la\u00a0fabrique de drag\u00e9es)<\/p>\n<hr \/>\n<p style=\"text-align: center;\">12\/09\/2015<\/p>\n<p style=\"text-align: center;\"><a href=\"https:\/\/i0.wp.com\/forbach-histoire.fr\/57\/wp-content\/uploads\/2016\/11\/Visite-de%CC%81le%CC%81gation-Sarroise-12-09-2015-DSC_1163.jpg?ssl=1\" target=\"_blank\"><img data-recalc-dims=\"1\" loading=\"lazy\" decoding=\"async\" data-attachment-id=\"189\" data-permalink=\"https:\/\/forbach-histoire.fr\/57\/visites\/visite-delegation-sarroise-12-09-2015-dsc_1163\/\" data-orig-file=\"https:\/\/i0.wp.com\/forbach-histoire.fr\/57\/wp-content\/uploads\/2016\/11\/Visite-de%CC%81le%CC%81gation-Sarroise-12-09-2015-DSC_1163.jpg?fit=1280%2C851&amp;ssl=1\" data-orig-size=\"1280,851\" data-comments-opened=\"1\" data-image-meta=\"{&quot;aperture&quot;:&quot;0&quot;,&quot;credit&quot;:&quot;&quot;,&quot;camera&quot;:&quot;&quot;,&quot;caption&quot;:&quot;&quot;,&quot;created_timestamp&quot;:&quot;0&quot;,&quot;copyright&quot;:&quot;&quot;,&quot;focal_length&quot;:&quot;0&quot;,&quot;iso&quot;:&quot;0&quot;,&quot;shutter_speed&quot;:&quot;0&quot;,&quot;title&quot;:&quot;&quot;,&quot;orientation&quot;:&quot;0&quot;}\" data-image-title=\"visite-delegation-sarroise-12-09-2015-dsc_1163\" data-image-description=\"\" data-image-caption=\"\" data-medium-file=\"https:\/\/i0.wp.com\/forbach-histoire.fr\/57\/wp-content\/uploads\/2016\/11\/Visite-de%CC%81le%CC%81gation-Sarroise-12-09-2015-DSC_1163.jpg?fit=300%2C199&amp;ssl=1\" data-large-file=\"https:\/\/i0.wp.com\/forbach-histoire.fr\/57\/wp-content\/uploads\/2016\/11\/Visite-de%CC%81le%CC%81gation-Sarroise-12-09-2015-DSC_1163.jpg?fit=640%2C426&amp;ssl=1\" class=\"aligncenter wp-image-189 size-medium\" src=\"https:\/\/i0.wp.com\/forbach-histoire.fr\/57\/wp-content\/uploads\/2016\/11\/Visite-de%CC%81le%CC%81gation-Sarroise-12-09-2015-DSC_1163.jpg?resize=300%2C199&#038;ssl=1\" alt=\"visite-delegation-sarroise-12-09-2015-dsc_1163\" width=\"300\" height=\"199\" srcset=\"https:\/\/i0.wp.com\/forbach-histoire.fr\/57\/wp-content\/uploads\/2016\/11\/Visite-de%CC%81le%CC%81gation-Sarroise-12-09-2015-DSC_1163.jpg?resize=300%2C199&amp;ssl=1 300w, https:\/\/i0.wp.com\/forbach-histoire.fr\/57\/wp-content\/uploads\/2016\/11\/Visite-de%CC%81le%CC%81gation-Sarroise-12-09-2015-DSC_1163.jpg?resize=768%2C511&amp;ssl=1 768w, https:\/\/i0.wp.com\/forbach-histoire.fr\/57\/wp-content\/uploads\/2016\/11\/Visite-de%CC%81le%CC%81gation-Sarroise-12-09-2015-DSC_1163.jpg?resize=1024%2C681&amp;ssl=1 1024w, https:\/\/i0.wp.com\/forbach-histoire.fr\/57\/wp-content\/uploads\/2016\/11\/Visite-de%CC%81le%CC%81gation-Sarroise-12-09-2015-DSC_1163.jpg?w=1280&amp;ssl=1 1280w\" sizes=\"(max-width: 300px) 100vw, 300px\" \/><\/a><\/p>\n<p style=\"text-align: center;\">Visite d&rsquo;une d\u00e9l\u00e9gation venue de Sarre au Ch\u00e2teau Barabino \u00e0 Forbach<\/p>\n<hr \/>\n<p><object id=\"SWBZ2E50F7AA2F8842E892D7\" title=\"Adobe Flash Player\" data=\"http:\/\/www.forbach-histoire.fr\/Animations\/Furbacher2\/banner.swf\" type=\"application\/x-shockwave-flash\" width=\"700\" height=\"700\"><param name=\"wmode\" value=\"transparent\" \/><param name=\"allowscriptaccess\" value=\"always\" \/><\/object><\/p>\n<p style=\"text-align: center;\">Participation de l&rsquo;association aux projets municipaux<\/p>\n<hr \/>\n<p>&nbsp;<\/p>\n","protected":false},"excerpt":{"rendered":"<p>R\u00e9union de l&rsquo;\u00e9quipe \u00ab\u00a0Classement des archives\u00a0\u00bb de l&rsquo;association. 26\/05\/2016 Visite de Verdun (photo \u00e0 la\u00a0fabrique de drag\u00e9es) 12\/09\/2015 Visite d&rsquo;une d\u00e9l\u00e9gation venue de Sarre au Ch\u00e2teau Barabino \u00e0 Forbach Participation de l&rsquo;association aux projets municipaux &nbsp;<\/p>\n","protected":false},"author":1,"featured_media":0,"parent":0,"menu_order":0,"comment_status":"closed","ping_status":"closed","template":"","meta":{"jetpack_post_was_ever_published":false,"footnotes":""},"class_list":["post-179","page","type-page","status-publish","hentry"],"yoast_head":"<!-- This site is optimized with the Yoast SEO plugin v26.9 - https:\/\/yoast.com\/product\/yoast-seo-wordpress\/ -->\n<title>Visites, r\u00e9unions,... - Die Furbacher<\/title>\n<meta name=\"robots\" content=\"index, follow, max-snippet:-1, max-image-preview:large, max-video-preview:-1\" \/>\n<link rel=\"canonical\" href=\"https:\/\/forbach-histoire.fr\/57\/visites\/\" \/>\n<meta property=\"og:locale\" content=\"fr_FR\" \/>\n<meta property=\"og:type\" content=\"article\" \/>\n<meta property=\"og:title\" content=\"Visites, r\u00e9unions,... - Die Furbacher\" \/>\n<meta property=\"og:description\" content=\"R\u00e9union de l&rsquo;\u00e9quipe \u00ab\u00a0Classement des archives\u00a0\u00bb de l&rsquo;association. 26\/05\/2016 Visite de Verdun (photo \u00e0 la\u00a0fabrique de drag\u00e9es) 12\/09\/2015 Visite d&rsquo;une d\u00e9l\u00e9gation venue de Sarre au Ch\u00e2teau Barabino \u00e0 Forbach Participation de l&rsquo;association aux projets municipaux &nbsp;\" \/>\n<meta property=\"og:url\" content=\"https:\/\/forbach-histoire.fr\/57\/visites\/\" \/>\n<meta property=\"og:site_name\" content=\"Die Furbacher\" \/>\n<meta property=\"article:publisher\" content=\"https:\/\/www.facebook.com\/dieFurbacher\/\" \/>\n<meta property=\"article:modified_time\" content=\"2016-11-23T07:36:34+00:00\" \/>\n<meta property=\"og:image\" content=\"http:\/\/forbach-histoire.fr\/57\/wp-content\/uploads\/2016\/11\/Equipe-classement-archives-DSC_1285-300x200.jpg\" \/>\n<script type=\"application\/ld+json\" class=\"yoast-schema-graph\">{\"@context\":\"https:\/\/schema.org\",\"@graph\":[{\"@type\":\"WebPage\",\"@id\":\"https:\/\/forbach-histoire.fr\/57\/visites\/\",\"url\":\"https:\/\/forbach-histoire.fr\/57\/visites\/\",\"name\":\"Visites, r\u00e9unions,... - Die Furbacher\",\"isPartOf\":{\"@id\":\"https:\/\/forbach-histoire.fr\/57\/#website\"},\"primaryImageOfPage\":{\"@id\":\"https:\/\/forbach-histoire.fr\/57\/visites\/#primaryimage\"},\"image\":{\"@id\":\"https:\/\/forbach-histoire.fr\/57\/visites\/#primaryimage\"},\"thumbnailUrl\":\"http:\/\/forbach-histoire.fr\/57\/wp-content\/uploads\/2016\/11\/Equipe-classement-archives-DSC_1285-300x200.jpg\",\"datePublished\":\"2016-11-07T17:46:45+00:00\",\"dateModified\":\"2016-11-23T07:36:34+00:00\",\"breadcrumb\":{\"@id\":\"https:\/\/forbach-histoire.fr\/57\/visites\/#breadcrumb\"},\"inLanguage\":\"fr-FR\",\"potentialAction\":[{\"@type\":\"ReadAction\",\"target\":[\"https:\/\/forbach-histoire.fr\/57\/visites\/\"]}]},{\"@type\":\"ImageObject\",\"inLanguage\":\"fr-FR\",\"@id\":\"https:\/\/forbach-histoire.fr\/57\/visites\/#primaryimage\",\"url\":\"http:\/\/forbach-histoire.fr\/57\/wp-content\/uploads\/2016\/11\/Equipe-classement-archives-DSC_1285-300x200.jpg\",\"contentUrl\":\"http:\/\/forbach-histoire.fr\/57\/wp-content\/uploads\/2016\/11\/Equipe-classement-archives-DSC_1285-300x200.jpg\"},{\"@type\":\"BreadcrumbList\",\"@id\":\"https:\/\/forbach-histoire.fr\/57\/visites\/#breadcrumb\",\"itemListElement\":[{\"@type\":\"ListItem\",\"position\":1,\"name\":\"Accueil\",\"item\":\"https:\/\/forbach-histoire.fr\/57\/\"},{\"@type\":\"ListItem\",\"position\":2,\"name\":\"Visites, r\u00e9unions,&#8230;\"}]},{\"@type\":\"WebSite\",\"@id\":\"https:\/\/forbach-histoire.fr\/57\/#website\",\"url\":\"https:\/\/forbach-histoire.fr\/57\/\",\"name\":\"Die Furbacher\",\"description\":\"\",\"publisher\":{\"@id\":\"https:\/\/forbach-histoire.fr\/57\/#organization\"},\"potentialAction\":[{\"@type\":\"SearchAction\",\"target\":{\"@type\":\"EntryPoint\",\"urlTemplate\":\"https:\/\/forbach-histoire.fr\/57\/?s={search_term_string}\"},\"query-input\":{\"@type\":\"PropertyValueSpecification\",\"valueRequired\":true,\"valueName\":\"search_term_string\"}}],\"inLanguage\":\"fr-FR\"},{\"@type\":\"Organization\",\"@id\":\"https:\/\/forbach-histoire.fr\/57\/#organization\",\"name\":\"Die Furbacher\",\"url\":\"https:\/\/forbach-histoire.fr\/57\/\",\"logo\":{\"@type\":\"ImageObject\",\"inLanguage\":\"fr-FR\",\"@id\":\"https:\/\/forbach-histoire.fr\/57\/#\/schema\/logo\/image\/\",\"url\":\"https:\/\/i2.wp.com\/forbach-histoire.fr\/57\/wp-content\/uploads\/2016\/09\/Logo_small.png?fit=360%2C203\",\"contentUrl\":\"https:\/\/i2.wp.com\/forbach-histoire.fr\/57\/wp-content\/uploads\/2016\/09\/Logo_small.png?fit=360%2C203\",\"width\":360,\"height\":203,\"caption\":\"Die Furbacher\"},\"image\":{\"@id\":\"https:\/\/forbach-histoire.fr\/57\/#\/schema\/logo\/image\/\"},\"sameAs\":[\"https:\/\/www.facebook.com\/dieFurbacher\/\"]}]}<\/script>\n<!-- \/ Yoast SEO plugin. -->","yoast_head_json":{"title":"Visites, r\u00e9unions,... - Die Furbacher","robots":{"index":"index","follow":"follow","max-snippet":"max-snippet:-1","max-image-preview":"max-image-preview:large","max-video-preview":"max-video-preview:-1"},"canonical":"https:\/\/forbach-histoire.fr\/57\/visites\/","og_locale":"fr_FR","og_type":"article","og_title":"Visites, r\u00e9unions,... - Die Furbacher","og_description":"R\u00e9union de l&rsquo;\u00e9quipe \u00ab\u00a0Classement des archives\u00a0\u00bb de l&rsquo;association. 26\/05\/2016 Visite de Verdun (photo \u00e0 la\u00a0fabrique de drag\u00e9es) 12\/09\/2015 Visite d&rsquo;une d\u00e9l\u00e9gation venue de Sarre au Ch\u00e2teau Barabino \u00e0 Forbach Participation de l&rsquo;association aux projets municipaux &nbsp;","og_url":"https:\/\/forbach-histoire.fr\/57\/visites\/","og_site_name":"Die Furbacher","article_publisher":"https:\/\/www.facebook.com\/dieFurbacher\/","article_modified_time":"2016-11-23T07:36:34+00:00","og_image":[{"url":"http:\/\/forbach-histoire.fr\/57\/wp-content\/uploads\/2016\/11\/Equipe-classement-archives-DSC_1285-300x200.jpg","type":"","width":"","height":""}],"schema":{"@context":"https:\/\/schema.org","@graph":[{"@type":"WebPage","@id":"https:\/\/forbach-histoire.fr\/57\/visites\/","url":"https:\/\/forbach-histoire.fr\/57\/visites\/","name":"Visites, r\u00e9unions,... - Die Furbacher","isPartOf":{"@id":"https:\/\/forbach-histoire.fr\/57\/#website"},"primaryImageOfPage":{"@id":"https:\/\/forbach-histoire.fr\/57\/visites\/#primaryimage"},"image":{"@id":"https:\/\/forbach-histoire.fr\/57\/visites\/#primaryimage"},"thumbnailUrl":"http:\/\/forbach-histoire.fr\/57\/wp-content\/uploads\/2016\/11\/Equipe-classement-archives-DSC_1285-300x200.jpg","datePublished":"2016-11-07T17:46:45+00:00","dateModified":"2016-11-23T07:36:34+00:00","breadcrumb":{"@id":"https:\/\/forbach-histoire.fr\/57\/visites\/#breadcrumb"},"inLanguage":"fr-FR","potentialAction":[{"@type":"ReadAction","target":["https:\/\/forbach-histoire.fr\/57\/visites\/"]}]},{"@type":"ImageObject","inLanguage":"fr-FR","@id":"https:\/\/forbach-histoire.fr\/57\/visites\/#primaryimage","url":"http:\/\/forbach-histoire.fr\/57\/wp-content\/uploads\/2016\/11\/Equipe-classement-archives-DSC_1285-300x200.jpg","contentUrl":"http:\/\/forbach-histoire.fr\/57\/wp-content\/uploads\/2016\/11\/Equipe-classement-archives-DSC_1285-300x200.jpg"},{"@type":"BreadcrumbList","@id":"https:\/\/forbach-histoire.fr\/57\/visites\/#breadcrumb","itemListElement":[{"@type":"ListItem","position":1,"name":"Accueil","item":"https:\/\/forbach-histoire.fr\/57\/"},{"@type":"ListItem","position":2,"name":"Visites, r\u00e9unions,&#8230;"}]},{"@type":"WebSite","@id":"https:\/\/forbach-histoire.fr\/57\/#website","url":"https:\/\/forbach-histoire.fr\/57\/","name":"Die Furbacher","description":"","publisher":{"@id":"https:\/\/forbach-histoire.fr\/57\/#organization"},"potentialAction":[{"@type":"SearchAction","target":{"@type":"EntryPoint","urlTemplate":"https:\/\/forbach-histoire.fr\/57\/?s={search_term_string}"},"query-input":{"@type":"PropertyValueSpecification","valueRequired":true,"valueName":"search_term_string"}}],"inLanguage":"fr-FR"},{"@type":"Organization","@id":"https:\/\/forbach-histoire.fr\/57\/#organization","name":"Die Furbacher","url":"https:\/\/forbach-histoire.fr\/57\/","logo":{"@type":"ImageObject","inLanguage":"fr-FR","@id":"https:\/\/forbach-histoire.fr\/57\/#\/schema\/logo\/image\/","url":"https:\/\/i2.wp.com\/forbach-histoire.fr\/57\/wp-content\/uploads\/2016\/09\/Logo_small.png?fit=360%2C203","contentUrl":"https:\/\/i2.wp.com\/forbach-histoire.fr\/57\/wp-content\/uploads\/2016\/09\/Logo_small.png?fit=360%2C203","width":360,"height":203,"caption":"Die Furbacher"},"image":{"@id":"https:\/\/forbach-histoire.fr\/57\/#\/schema\/logo\/image\/"},"sameAs":["https:\/\/www.facebook.com\/dieFurbacher\/"]}]}},"jetpack_sharing_enabled":true,"jetpack_shortlink":"https:\/\/wp.me\/P8bw07-2T","jetpack-related-posts":[],"_links":{"self":[{"href":"https:\/\/forbach-histoire.fr\/57\/wp-json\/wp\/v2\/pages\/179","targetHints":{"allow":["GET"]}}],"collection":[{"href":"https:\/\/forbach-histoire.fr\/57\/wp-json\/wp\/v2\/pages"}],"about":[{"href":"https:\/\/forbach-histoire.fr\/57\/wp-json\/wp\/v2\/types\/page"}],"author":[{"embeddable":true,"href":"https:\/\/forbach-histoire.fr\/57\/wp-json\/wp\/v2\/users\/1"}],"replies":[{"embeddable":true,"href":"https:\/\/forbach-histoire.fr\/57\/wp-json\/wp\/v2\/comments?post=179"}],"version-history":[{"count":6,"href":"https:\/\/forbach-histoire.fr\/57\/wp-json\/wp\/v2\/pages\/179\/revisions"}],"predecessor-version":[{"id":242,"href":"https:\/\/forbach-histoire.fr\/57\/wp-json\/wp\/v2\/pages\/179\/revisions\/242"}],"wp:attachment":[{"href":"https:\/\/forbach-histoire.fr\/57\/wp-json\/wp\/v2\/media?parent=179"}],"curies":[{"name":"wp","href":"https:\/\/api.w.org\/{rel}","templated":true}]}}