{"version":"1.0","provider_name":"Die Furbacher","provider_url":"https:\/\/forbach-histoire.fr\/57","author_name":"Webmaster","author_url":"https:\/\/forbach-histoire.fr\/57\/author\/admin\/","title":"15 d\u00e9cembre 2018 : Pr\u00e9sentation des Chroniques N\u00b09 - Die Furbacher","type":"rich","width":600,"height":338,"html":"<blockquote class=\"wp-embedded-content\" data-secret=\"1dZjnQvIJU\"><a href=\"https:\/\/forbach-histoire.fr\/57\/15-decembre-2018-presentation-des-chroniques-n9\/\">15 d\u00e9cembre 2018 : Pr\u00e9sentation des Chroniques N\u00b09<\/a><\/blockquote><iframe sandbox=\"allow-scripts\" security=\"restricted\" src=\"https:\/\/forbach-histoire.fr\/57\/15-decembre-2018-presentation-des-chroniques-n9\/embed\/#?secret=1dZjnQvIJU\" width=\"600\" height=\"338\" title=\"\u00ab\u00a015 d\u00e9cembre 2018 : Pr\u00e9sentation des Chroniques N\u00b09\u00a0\u00bb &#8212; Die Furbacher\" data-secret=\"1dZjnQvIJU\" frameborder=\"0\" marginwidth=\"0\" marginheight=\"0\" scrolling=\"no\" class=\"wp-embedded-content\"><\/iframe><script type=\"text\/javascript\">\n\/* <![CDATA[ *\/\n\/*! This file is auto-generated *\/\n!function(d,l){\"use strict\";l.querySelector&&d.addEventListener&&\"undefined\"!=typeof URL&&(d.wp=d.wp||{},d.wp.receiveEmbedMessage||(d.wp.receiveEmbedMessage=function(e){var t=e.data;if((t||t.secret||t.message||t.value)&&!\/[^a-zA-Z0-9]\/.test(t.secret)){for(var s,r,n,a=l.querySelectorAll('iframe[data-secret=\"'+t.secret+'\"]'),o=l.querySelectorAll('blockquote[data-secret=\"'+t.secret+'\"]'),c=new RegExp(\"^https?:$\",\"i\"),i=0;i<o.length;i++)o[i].style.display=\"none\";for(i=0;i<a.length;i++)s=a[i],e.source===s.contentWindow&&(s.removeAttribute(\"style\"),\"height\"===t.message?(1e3<(r=parseInt(t.value,10))?r=1e3:~~r<200&&(r=200),s.height=r):\"link\"===t.message&&(r=new URL(s.getAttribute(\"src\")),n=new URL(t.value),c.test(n.protocol))&&n.host===r.host&&l.activeElement===s&&(d.top.location.href=t.value))}},d.addEventListener(\"message\",d.wp.receiveEmbedMessage,!1),l.addEventListener(\"DOMContentLoaded\",function(){for(var e,t,s=l.querySelectorAll(\"iframe.wp-embedded-content\"),r=0;r<s.length;r++)(t=(e=s[r]).getAttribute(\"data-secret\"))||(t=Math.random().toString(36).substring(2,12),e.src+=\"#?secret=\"+t,e.setAttribute(\"data-secret\",t)),e.contentWindow.postMessage({message:\"ready\",secret:t},\"*\")},!1)))}(window,document);\n\/\/# sourceURL=https:\/\/forbach-histoire.fr\/57\/wp-includes\/js\/wp-embed.min.js\n\/* ]]> *\/\n<\/script>\n","thumbnail_url":"https:\/\/i0.wp.com\/forbach-histoire.fr\/57\/wp-content\/uploads\/2018\/12\/Capture-d\u2019e\u0301cran-2019-01-06-a\u0300-11.02.39.png?fit=605%2C850&ssl=1","thumbnail_width":605,"thumbnail_height":850,"description":"Pr\u00e8s de 120 personnes pr\u00e9sentes pour cette pr\u00e9sentation avec, l\u2019accueil par le pr\u00e9sident, &nbsp;en ouverture la projection d\u2019un montage vid\u00e9o de Joseph Zeller, la pr\u00e9sentation du sommaire par Marcel Gangloff et le mot de conclusion par Laurent Kalinowski, maire. Les nouvelles chroniques, 184 pages et de nombreux articles tr\u00e8s divers&nbsp;: plusieurs articles \u00e0 l\u2019occasion du [&hellip;]"}

15 décembre 2018 : Présentation des Chroniques N°9 - Die Furbacher

<blockquote class="wp-embedded-content" data-secret="1dZjnQvIJU"><a href="https://forbach-histoire.fr/57/15-decembre-2018-presentation-des-chroniques-n9/">15 décembre 2018 : Présentation des Chroniques N°9</a></blockquote><iframe sandbox="allow-scripts" security="restricted" src="https://forbach-histoire.fr/57/15-decembre-2018-presentation-des-chroniques-n9/embed/#?secret=1dZjnQvIJU" width="600" height="338" title="« 15 décembre 2018 : Présentation des Chroniques N°9 » &#8212; Die Furbacher" data-secret="1dZjnQvIJU" frameborder="0" marginwidth="0" marginheight="0" scrolling="no" class="wp-embedded-content"></iframe><script type="text/javascript">
/* <![CDATA[ */
/*! This file is auto-generated */
!function(d,l){"use strict";l.querySelector&&d.addEventListener&&"undefined"!=typeof URL&&(d.wp=d.wp||{},d.wp.receiveEmbedMessage||(d.wp.receiveEmbedMessage=function(e){var t=e.data;if((t||t.secret||t.message||t.value)&&!/[^a-zA-Z0-9]/.test(t.secret)){for(var s,r,n,a=l.querySelectorAll('iframe[data-secret="'+t.secret+'"]'),o=l.querySelectorAll('blockquote[data-secret="'+t.secret+'"]'),c=new RegExp("^https?:$","i"),i=0;i<o.length;i++)o[i].style.display="none";for(i=0;i<a.length;i++)s=a[i],e.source===s.contentWindow&&(s.removeAttribute("style"),"height"===t.message?(1e3<(r=parseInt(t.value,10))?r=1e3:~~r<200&&(r=200),s.height=r):"link"===t.message&&(r=new URL(s.getAttribute("src")),n=new URL(t.value),c.test(n.protocol))&&n.host===r.host&&l.activeElement===s&&(d.top.location.href=t.value))}},d.addEventListener("message",d.wp.receiveEmbedMessage,!1),l.addEventListener("DOMContentLoaded",function(){for(var e,t,s=l.querySelectorAll("iframe.wp-embedded-content"),r=0;r<s.length;r++)(t=(e=s[r]).getAttribute("data-secret"))||(t=Math.random().toString(36).substring(2,12),e.src+="#?secret="+t,e.setAttribute("data-secret",t)),e.contentWindow.postMessage({message:"ready",secret:t},"*")},!1)))}(window,document);
//# sourceURL=https://forbach-histoire.fr/57/wp-includes/js/wp-embed.min.js
/* ]]> */
</script>

Près de 120 personnes présentes pour cette présentation avec, l’accueil par le président, &nbsp;en ouverture la projection d’un montage vidéo de Joseph Zeller, la présentation du sommaire par Marcel Gangloff et le mot de conclusion par Laurent Kalinowski, maire. Les nouvelles chroniques, 184 pages et de nombreux articles très divers&nbsp;: plusieurs articles à l’occasion du [&hellip;]
